site?
False
Is 205913 prime?
True
Is 631044745 prime?
False
Is 41063881 composite?
False
Is 132980077 prime?
True
Is 232226191 prime?
True
Is 286214521 composite?
False
Is 50319637 composite?
False
Is 26670967 a composite number?
False
Is 50425273 composite?
True
Is 277751 a prime number?
True
Is 8504129 a prime number?
True
Is 49383077 a prime number?
False
Is 3604274 a composite number?
True
Is 86051887 prime?
True
Is 13339973 a prime number?
True
Is 1177699 composite?
True
Is 1102063 composite?
False
Is 157454257 a composite number?
False
Is 47072227 a composite number?
True
Is 78130423 composite?
True
Is 188472559 a composite number?
True
Is 41396723 prime?
False
Is 958307707 a composite number?
True
Is 5611913 prime?
True
Is 27309551 prime?
True
Is 6365017 a composite number?
True
Is 3407597 a prime number?
True
Is 361529611 a prime number?
True
Is 5841443 prime?
True
Is 2290195 a composite number?
True
Is 54186997 prime?
False
Is 4306747 prime?
True
Is 654597703 a prime number?
True
Is 4419069 a prime number?
False
Is 1874213 a prime number?
False
Is 70851713 composite?
False
Is 14620737 a composite number?
True
Is 12544547 a composite number?
False
Is 200053027 composite?
True
Is 853357 composite?
False
Is 2407457 composite?
True
Is 3424931 composite?
True
Is 63878707 composite?
True
Is 18098119 composite?
True
Is 354126197 prime?
True
Is 61521359 prime?
True
Is 109069 a prime number?
False
Is 8892407 a prime number?
False
Is 45133457 composite?
False
Is 8397583 composite?
False
Is 45559658 prime?
False
Is 612097 a composite number?
True
Is 33617877 prime?
False
Is 20610461 a composite number?
True
Is 1157691 prime?
False
Is 209899333 composite?
True
Is 384931543 composite?
True
Is 13777 a composite number?
True
Is 165159073 a composite number?
False
Is 83846083 prime?
True
Is 15391429 a prime number?
True
Is 43378187 a composite number?
True
Is 17421017 prime?
False
Is 48600381 a prime number?
False
Is 1678459 composite?
False
Is 60757063 composite?
False
Is 606649 prime?
True
Is 162066241 composite?
True
Is 219866459 a composite number?
False
Is 8289731 a composite number?
False
Is 44267165 a composite number?
True
Is 3581609 a prime number?
True
Is 6096661 a prime number?
True
Is 11599039 a composite number?
False
Is 603574401 a composite number?
True
Is 133371271 a prime number?
False
Is 2815133 a composite number?
True
Is 2837561 composite?
True
Is 513983357 a prime number?
True
Is 126199 a composite number?
False
Is 352217557 a prime number?
False
Is 38369897 a composite number?
False
Is 8127961 a composite number?
False
Is 8350691 composite?
False
Is 66151361 prime?
False
Is 73402865 a prime number?
False
Is 601122157 composite?
False
Is 1220887 composite?
True
Is 146549177 composite?
False
Is 7207307 composite?
True
Is 77704591 composite?
False
Is 64717199 a prime number?
False
Is 8869073 a prime number?
False
Is 25867383 a prime number?
False
Is 35279509 prime?
True
Is 16293083 prime?
True
Is 4347217 composite?
True
Is 7257242 composite?
True
Is 1168073 a prime number?
False
Is 447509 a composite number?
False
Is 897697 composite?
True
Is 600507251 prime?
False
Is 36319733 a prime number?
True
Is 54959281 a prime number?
False
Is 31224269 a composite number?
False
Is 1661431 prime?
True
Is 18849947 a prime number?
False
Is 110691419 composite?
False
Is 1376773 a prime number?
True
Is 53693917 a prime number?
False
Is 3997453 prime?
True
Is 9072265 composite?
True
Is 64371077 composite?
False
Is 67839517 a prime number?
False
Is 782232343 a prime number?
True
Is 5148089 a prime number?
False
Is 118097 a composite number?
True
Is 227770649 a prime number?
True
Is 140424113 prime?
True
Is 332524369 a composite number?
True
Is 8508583 a composite number?
False
Is 10624499 prime?
True
Is 64766047 a composite number?
True
Is 229063 composite?
True
Is 124079 composite?
True
Is 4387769 prime?
True
Is 18327181 composite?
False
Is 8405377 prime?
True
Is 603859 prime?
True
Is 122057683 a composite number?
True
Is 369917819 a prime number?
False
Is 3375899 a prime number?
False
Is 29357477 prime?
False
Is 1023551 prime?
True
Is 515903 prime?
False
Is 79389043 a prime number?
False
Is 224581603 composite?
False
Is 2517913 a prime number?
False
Is 1382161 a prime number?
False
Is 23944091 a composite number?
False
Is 42182317 composite?
True
Is 1552807 composite?
False
Is 785513 prime?
False
Is 27920117 composite?
False
Is 13958311 a composite number?
True
Is 32683331 a prime number?
False
Is 4596307 prime?
False
Is 3784037 prime?
True
Is 636829 composite?
False
Is 1514689 prime?
False
Is 280781491 composite?
True
Is 2148353 a prime number?
True
Is 1709473 a composite number?
False
Is 115793911 a prime number?
True
Is 85403063 a composite number?
False
Is 863279 a composite number?
False
Is 1478701101 composite?
True
Is 32752487 prime?
True
Is 1321955 composite?
True
Is 242795599 prime?
True
Is 2345681 prime?
False
Is 228949 composite?
True
Is 384201731 prime?
True
Is 1740383 a composite number?
True
Is 1253887 a composite number?
False
Is 1367516569 a composite number?
True
Is 389941 prime?
True
Is 30663373 a prime number?
False
Is 339932315 prime?
False
Is 188603 prime?
True
Is 15331709 a prime number?
False
Is 2776909 a prime number?
True
Is 2354459 prime?
True
Is 91479541 composite?
True
Is 7184017 composite?
True
Is 49766897 a prime number?
True
Is 51191255 a prime number?
False
Is 5369389 a prime number?
False
Is 614576201 composite?
True
Is 28106843 composite?
True
Is 27252301 composite?
True
Is 25013701 a prime number?
False
Is 377779 a prime number?
True
Is 301303 composite?
False
Is 13445689 a composite number?
True
Is 571098239 a prime number?
False
Is 51819217 a composite number?
True
Is 6396799 a prime number?
True
Is 3633127 composite?
False
Is 11955557 a prime number?
False
Is 131526599 prime?
True
Is 88680122 a prime number?
False
Is 53907583 prime?
False
Is 510481 prime?
True
Is 197582597 composite?
True
Is 877369 a composite number?
True
Is 47157301 a composite number?
False
Is 1133997 prime?
False
Is 1140103597 a composite number?
False
Is 89541379 prime?
False
Is 2456057 composite?
False
Is 364403467 prime?
False
Is 196991 composite?
False
Is 952711 composite?
True
Is 7604801 composite?
False
Is 933047 a prime number?
True
Is 3409559 composite?
True
Is 400337 a composite number?
True
Is 333246559 prime?
False
Is 17988979 prime?
False
Is 689713 a composite number?
False
Is 2384207 a prime number?
False
Is 84613843 composite?
True
Is 270743359 composite?
True
Is 79759507 a prime number?
True
Is 6305797 composite?
True
Is 6121903 composite?
True
Is 17316361 prime?
False
Is 5026013 a composite number?
True
Is 52938709 prime?
False
Is 17006971 composite?
False
Is 16521493 a composite number?
False
Is 165551081 a composite number?
False
Is 3215687 prime?
True
Is 149993 a prime number?
True
Is 8911171 composite?
True
Is 533573437 a composite number?
False
Is 102666727 a composite number?
False
Is 22859735 a composite number?
True
Is 364402 composite?
True
Is 271729 a composite number?
False
Is 66991051 composite?
False
Is 130387163 a composite number?
False
Is 1053361 prime?
True
Is 679835503 prime?
True
Is 377792255 composite?
True
Is 84905929 a prime number?
False
Is 5436049 composite?
True
Is 22490227 a prime number?
False
Is 2712701 a prime number?
False
Is 5128457 prime?
False
Is 2315557 prime?
False
Is 194355415 prime?
False
Is 2055679 prime?
True
Is 10615687 a composite number?
False
Is 836374289 a prime number?
True
Is 98952517 prime?
False
Is 340202067 a prime number?
False
Is 45919717 a composite number?
True
Is 1130295137 prime?
True
Is 354416863 a composite number?
False
Is 3975887 a composite number?
False
Is 1589183 prime?
True
Is 31430407 a prime number?
False
Is 484009 a prime number?
False
Is 73259 a composite number?
False
Is 3096889 composite?
False
Is 2686067 a composite number?
True
Is 37976677 composite?
True
Is 56719283 composite?
False
Is 3216931 prime?
True
Is 1889801 prime?
True
Is 4658197 a prime number?
True
Is 11141941 a composite number?
True
Is 1087156379 prime?
False
Is 21566179 a prime number?
False
Is 137201 prime?
True
Is 51432847 a composite number?
False
Is 11902819 a prime number?
True
